+ (3 - -3)?
19
Calculate (6 - 79) + -12 + (-12 - (-5 - (11 - -1))).
-80
What is the value of (-34 - -39) + 1 + 4 - (67 - 9)?
-48
(-79 - (-60 + 2)) + (1 - -26) - -63
69
Evaluate -5 + 15 + -47 + 47.
10
Evaluate 54 + (22 - 70) - (0 - -55 - 4).
-45
92 + (11 - (0 + 6 - (6 + -18)))
85
-6 - (3 + -1 + -6 + -9 + (0 - -4))
3
What is the value of 4 + (-12 - (-14 + 18)) - -8?
-4
(1 + -62 - (-1 - 0 - -2)) + -11005 + 10999
-68
0 + 6 - (-5 - (-23 + 37) - 12)
37
Calculate -8401 + 8400 - (1 - (1 - 32)).
-33
Evaluate 0 + -70 + 0 + -3 - (308 + -314).
-67
79 - (3 + 45 + (-8 - 20))
59
What is the value of -3 + 1 - (1 + 29 + -363 + 347)?
-16
What is the value of (-44 - -35 - -2) + (0 - -1 - (-20 - -28))?
-14
Evaluate 13 - 8 - (-23 + 34 - (-48 + 3)).
-51
What is the value of (26 - 10) + (-97 - -52) + -3 + 6?
-26
Evaluate -62 + (38 - (-102 + 178)).
-100
Calculate (61 - (12 - -57)) + -1 + 2 + -10.
-17
Calculate -11 + (-43 - (19 + -11)) - -5 - -9.
-48
What is -717 - -623 - (-2 + -1 + 12 + 0)?
-103
-4 - -3 - ((-144 - -117) + (-8 - -1 - 3))
36
68 + (135 - (97 - -44))
62
Calculate -36 + -2 + (682 - 716).
-72
Calculate 129 + (-115 - -1) - -2.
17
Evaluate -13 - (-4 + 1) - (-11 - -14 - (-4 - -19)).
2
-11 + -34 + 1 + 0 + 46 + (-20 - 20)
-38
28 - (15 - (-24 - -40)) - 9
20
297 - 259 - (-1 - (0 - -1) - (14 - 10))
44
Evaluate -66 + (-60 - -56) - -66.
-4
What is -22 + -20 + ((-1 - -5) + 11 - 26)?
-53
(1 + (3 - -4) - 17) + (134 - 108)
17
-22 + 17 + (42 - 13 - 15) + -93
-84
-3 + 81 + (-1059 - -1036)
55
What is the value of 1563 + -1557 + (16 + 2 + -2 + 4 - 0)?
26
Calculate (-112 - -102) + (31 - 25).
-4
What is 17 - 8 - (-7 - (13 - 15) - 43)?
57
Calculate 14 - (-37 + 31 + 23 + -30).
27
Calculate 58 + -2 - (-12 - -4 - (0 - 13)) - 5.
46
39 - (23 - (-31 + 29))
14
Evaluate 103 - 32 - 51 - -44.
64
What is the value of (15 - -3) + -74 - -31?
-25
What is the value of (-2 - (-11 - -24)) + (-3 - (5 + -17))?
-6
Evaluate 100 + -120 + -22 + (-4 - 10).
-56
62 + -49 + 25 - (9 - 7)
36
-3 - -34 - -3 - (-112 + -54 + 169)
31
Calculate -10 - -75 - (-271 + 417).
-81
Calculate -4 + -6 - (13 + -34) - -2 - 36.
-23
1 + (10 - -9) + -9 - -2
13
Evaluate (-1 - -5) + (-2 + 9 - 48 - -1).
-36
(2 + -3 - 101) + -81 + -32 + 118
-97
Calculate -61 + -49 + 94 + (9 + -1 - 2).
-10
What is the value of -48 + -1 + (-51 - -51 - -1) - -6?
-42
Evaluate 34 - ((-16 - (-76 - -27)) + -8).
9
Calculate (4 - 52) + -24 + 35.
-37
What is the value of 198 + -199 + 28 + -1 + 42?
68
What is -34 + -13 - (-181 - -128)?
6
58 - ((-32 - (67 - 92)) + 1 + 14 + -1)
51
Evaluate (32 - 1 - (-3 + (1 - 2))) + -81 + 77.
31
What is the value of -7 + -14 + 90 - 14?
55
What is the value of 89 - (-25 + (-82 - -329))?
-133
Calculate 7 - 1 - (-2 + 3 + 2) - (589 - 560).
-26
What is the value of (-38 - -2) + -2280 + 2346?
30
What is the value of (-5 - -143 - 93) + 2 + -1 + 2?
48
Evaluate 11 + 2 + -51 + (-12 + -3 - (-27 - -10)).
-36
Evaluate (-122 + 146 - (2 - (1 - 6))) + -4.
13
What is the value of -85 + -75 + 72 - (-3 + 4 + -1 - 4)?
-84
What is the value of (1 - 10) + (-4 - 56 - (-751 - -717))?
-35
Evaluate -291169 - -291212 - (0 + 24 - 1).
20
What is (13 - (3 - 1)) + -2 + -60 + 34?
-17
What is the value of -29 + -77 + 54 + 5?
-47
36 + 103 + 64 - 98
105
Evaluate -116 + 27 + (-38 - -63).
-64
What is the value of (3 + 8 - 3) + (-28 - (5 - 4))?
-21
24 + -58 + (-44 - -96) + (8 - 0)
26
What is -11 + (15 - (-25 + 16)) + -36?
-23
Calculate 20 - ((25 - -25) + -40).
10
(34 - (4 - (21 - 48))) + 13
16
Evaluate -116 + 153 + -6 - 65.
-34
Calculate -4031 + 4060 + (-3 - 14) + -2.
10
What is 56 + -122 + 70 - (-1 - -21) - -5?
-11
What is 1885 + -1892 - (-44 - 4)?
41
Calculate (-61 - (2 + -8 + -17 + 9)) + 1.
-46
Evaluate (-1 + 60 - -1) + (-4 - (-40 - (29 - 73))).
52
37 + 8 + (-12 - -24)
57
Calculate (-2 - (74 - (2 - 1))) + 88 + -148 + 50.
-85
(-11 - (3 + -5)) + 61 + (16 - 31)
37
What is (5502 - 5411) + (-1 - 57)?
33
Calculate -1372 + 1433 - (8 + -1 - -2 - 3).
55
Evaluate -5 - ((0 - -7) + -8) - 73.
-77
Evaluate 45 - (21 + (30 + -20 - 34)).
48
Calculate -63 + -39 + 93 + 5 + -1 - -15.
10
Calculate 39 + -194 + (79 - -20).
-56
Calculate -10 - (75 + 25) - (27 - 31).
-106
17 - (1 + -2 + (56 - 116) + 54) - 10
14
Evaluate -4 + (3 - 3) - (-12 - (-8 + 9) - -9).
0
Calculate -54 - (-19 + (71 - 65)).
-41
Calculate 354 + -418 - (-4 - 131).
71
22 + -9 + (-1 - 24)
-12
Evaluate 4 + (17 - (5 + -4)) + (2 - -4).
26
Evaluate 4 + 3 - ((53 - (-9 + 5)) + -12).
-38
36 + -55 + 77 + 31 + -18
71
What is (27 - -4) + (-11 - 38)?
-18
Evaluate (2 - 4) + 1 + -6 + 35 + -59 + -41.
-72
Calculate 8 + 2 - (25 - 15 - 7).
7
What is -49 - (25 + -55 + 43) - (26 - 7)?
-81
Calculate -3 + 4 + 4 + 223 + -217.
11
Calculate -3 - -5 - (17 + 22 + 7 + -1).
-43
(35 - 63 - -24) + (-1 - 1) + 147
141
-230 + 314 + (-2 + 1 - (0 - -2))
81
Evaluate 9 + -22 + 36 + 16 + (-3 - -1) + 13.
50
Calculate -300 + 309 - (0 + 125).
-116
What is the value of (-49 + (30 - -13) - (0 + 51)) + (-13 - -8)?
-62
What is the value of 19 - 1 - (0 + 116 - (-53 - -77))?
-74
What is -12 - (-3 + (29 + -10 - 7 - 37))?
16
What is the value of 85 + 0 - (-13 - -2 - (0 - (-12 + 22)))?
86
What is the value of -13 - ((-3 - 6) + -4 - 4)?
4
What is the value of (188 - 213) + 3 + -5?
-27
What is the value of 19 + -10 + 70 - 20?
59
Calculate 34 - (-1 - (52 + -24 + -44 + (2 - -2))).
23
-354 + 404 - (32 - (-5 + 10))
23
Evaluate -165 - (-9 - 86) - (-1 + 0 + -2).
-67
What is the value of 26 - (1 + -2 - (-83 + 48))?
-8
Evaluate ((-111 - -4) + 0 - (-2 - 4)) + -12.
-113
Calculate 1 + -27 + (17 + -13 - 5) + -8.
-35
Evaluate (34 - 1) + (46 - (199 + -130)).
10
Calculate -7 - 4 - (6 - 0) - (18 - 25) - -3.
-7
-1 + -112 + (-23 + -4 - (64 + -83)) + -12
-133
Evaluate (-5 - 11) + 10 + (8 - 9 - -10).
3
-7 - ((51 - (-36 - -101)) + -27 + 0)
34
What is -6 - (-1 + -1 + 2) - (-61 + -40 + 71)?
24
Evaluate 13856 - 13939 - (-6 + -2 + 2).
-77
Calculate (11 + -3 - -20 - -55) + (10 - 6) + -16.
71
What is 32 + 6 + -3 + 13 + -31?
17
Evaluate (0 - 11) + (4 - 6) + 11 + (2 - -7).
7
Calculate 4 + 17 + -15 + 8 + (-34 - -12).
-8
Evaluate (-5 + -9 + 12 - -5) + -27 + -9.
-33
What is the value of 18 + -12 + 19 + -40?
-15
(4 - -10) + 0 + (0 - (19 - 14)) - 88
-79
Calculate (73 - -8) + -151 + 57.
-13
What is (11 - 9) + 1 + 0 + 666 + -663?
6
What is 35 + -169 + 48 - -49?
-37
Calculate 9 - (85 + -29 + (0 - -21)).
-68
Evaluate -9 - -35 - 12 - (-62 + -1 + 4).
73
Evaluate -29 + (-8 - -6) + -17 + 6 + 6.
-36
What is the value of (25 - ((-1 - -1) + 17)) + 29?
37
Calculate -3 + 5 - (0 + 10 + -10 + -1) - -11.
14
Evaluate -76 + -4 + (3 - -20 - 39) + 6.
-90
(60 - 2) + (-945 - -912)
25
7 + 3 + (22 - 25) + 1
8
What is the value of (11 - (-10 - ((-7 - 21) + 5))) + -4?
-6
What is the value of (22 - 42) + (-7 - 1) - 2?
-30
-1 + 2 + -114 + 115 + (0 - 6) + -2
-6
What is the value of 44 - (-9 + 71 + -44)?
26
What is (-4 - 38) + -4 + (-31 + 19 - (-3 - 18))?
-37
Evaluate -1 + -10 + 36 + -42 + 136 + -31.
88
Evaluate -20 + (6 - ((-5 - (-2 + 1)) + 11 + 4)).
-25
What is the value of 41 + (-60 + 81 - -9)?
71
What is 208 - 190 - (13 - -4)?
1
What is 6 + (-13 - (9 - 47 - -10)) + 0?
21
(1 + 1 - 21) + (108 - (-8 + 99))
-2
What is 3 + -70 + -45 + 99?
-13
What is 0 - (19 - 3) - (-1685 + 1649)?
20
What is (3028 - 3128) + (-1 - -159)?
58
What is the value of (-12 - (-7 + 9)) + (-15 - -2)?
-27
(35 - -1) + -3665 + 3702
73
What is (-80 - (11 + -52)) + 34?
-5
What is the value of -10 + -8 + 11 + (-76 - -61)?
-22
What is the value of 71 - (-34 + -53 + 150)?
8
What is the value of 6326 + -6340 + (2 - 3) + -2 + 94 + 3?
80
Evaluate -103 + 10 + (-9 - (38 - 43)).
-97
What is (11 + (14 - -1 - 0) - 10) + -9?
7
Calculate -94 - (1 - 1) - (-3903 - -3948 - (0 - -56)).
-83
Evaluate (2 - (1 + 3)) + (10 + -2 - (10 - 10)).
6
Evaluate -8 + -20 + (7 - -4) - 14.
-31
What is the value of 4306 - 4509 - (1 + -143)?
-61
Evaluate (32 + -43 - 1) + 46 - 100.
-66
1 + 2 + 4 + (-289 - -278) - 32
-36
Evaluate (5 - (-6 + -2)) + -72 - (25 - 37).
-47
Calculate (0 - -145) + (-6822 - -6586).
-91
What is (1 - 14) + (152 - (-16 + 16 + -3))?
142
What is the value of -26 - (-30 - (-115 + (32 - -6)))?
-73
What is the value of (-25 - -29 - (102 - -1 - -1)) + -59 + 65?
-94
Evaluate 11 + -8 + -1 + (-22 - (-28 - -5)).
3
What is -10 + 3 + (9 - 11) + (-8 - (43 - 8))?
-52
What is -2 + -9 - (-